
True
Is 184 a factor of 9999789?
False
Is 9227846 a multiple of 96?
False
Does 34 divide 1217804514?
False
Is 1521 a factor of 3522109?
False
Is 57 a factor of 37442331?
True
Is 432409266 a multiple of 9?
True
Is 37904612 a multiple of 526?
True
Is 576895650 a multiple of 6?
True
Does 320 divide 82756160?
True
Is 14 a factor of 2370866923?
False
Does 2 divide 15043341?
False
Is 5906932 a multiple of 4?
True
Does 524 divide 664664132?
True
Is 872672568 a multiple of 1922?
True
Is 45489105 a multiple of 58?
False
Does 53 divide 150868952?
True
Is 13441089 a multiple of 2?
False
Is 3884688 a multiple of 72?
True
Is 8 a factor of 1507774384?
True
Is 264 a factor of 3676182840?
True
Is 57 a factor of 87440149?
False
Is 37165653 a multiple of 183?
True
Does 203 divide 125642790?
True
Does 207 divide 342901210?
False
Does 203 divide 3717624049?
False
Is 28916154 a multiple of 867?
False
Does 2577 divide 3714356373?
True
Is 827 a factor of 703389?
False
Does 13 divide 31626829?
True
Does 22 divide 384546610?
False
Is 96 a factor of 41000352?
True
Is 83 a factor of 949097696?
True
Is 31 a factor of 5486547772?
True
Does 23 divide 272664778?
False
Is 670344372 a multiple of 86?
True
Is 26028172 a multiple of 302?
True
Is 62225070 a multiple of 16?
False
Is 311952818 a multiple of 2803?
False
Is 284566400 a multiple of 200?
True
Does 41 divide 44397853?
False
Is 78267378 a multiple of 42?
True
Is 12272557 a multiple of 11?
True
Does 13 divide 299034089?
False
Is 115 a factor of 23825637?
False
Does 1728 divide 3327115392?
True
Is 487 a factor of 54707804?
False
Is 42955087 a multiple of 77?
False
Is 27235908 a multiple of 126?
True
Is 15 a factor of 1139325990?
True
Is 324574 a multiple of 4?
False
Does 12 divide 101453219?
False
Does 26 divide 153356611?
False
Is 69100609 a multiple of 88?
False
Is 178 a factor of 821912280?
False
Does 97 divide 149081423?
False
Is 893 a factor of 290164277?
False
Does 639 divide 637675413?
False
Is 44 a factor of 2999866?
False
Does 38 divide 1160992722?
False
Does 61 divide 49544334?
False
Does 78 divide 845171496?
True
Is 2 a factor of 35069716?
True
Is 281523615 a multiple of 48?
False
Is 667773474 a multiple of 45?
False
Is 147846360 a multiple of 24?
True
Is 6259270 a multiple of 5?
True
Does 24 divide 127302478?
False
Is 246 a factor of 1500472460?
False
Is 23 a factor of 306444985?
True
Is 1883588 a multiple of 2?
True
Does 51 divide 10975761?
True
Is 1214771784 a multiple of 172?
False
Is 15 a factor of 707498970?
True
Is 224 a factor of 115850784?
True
Is 854600034 a multiple of 7?
False
Is 10255440 a multiple of 80?
True
Is 306 a factor of 93021552?
True
Is 4156103641 a multiple of 71?
True
Is 722381044 a multiple of 28?
True
Is 181 a factor of 10606557?
False
Is 1099 a factor of 58769025?
True
Does 3 divide 67091651?
False
Is 457 a factor of 1018650718?
False
Is 397917075 a multiple of 843?
True
Is 25094991 a multiple of 489?
True
Is 843 a factor of 636465?
True
Is 401831978 a multiple of 225?
False
Does 2217 divide 433363641?
True
Does 47 divide 353632418?
True
Is 1236179607 a multiple of 358?
False
Is 53255136 a multiple of 32?
True
Is 562114505 a multiple of 1345?
True
Is 32319435 a multiple of 4?
False
Is 808988357 a multiple of 1513?
False
Is 277688775 a multiple of 23?
True
Is 13 a factor of 56085890?
False
Is 346 a factor of 2539083286?
True
Is 2113 a factor of 510859494?
False
Does 4 divide 17912608?
True
Is 651321968 a multiple of 2848?
False
Does 1576 divide 297904623?
False
Is 57 a factor of 16714167?
True
Does 1976 divide 2340242?
False
Is 122 a factor of 271995828?
True
Is 133762201 a multiple of 14?
False
Does 168 divide 31865736?
True
Does 5672 divide 1088623511?
False
Is 3552 a factor of 91464000?
True
Is 129 a factor of 113579211?
True
Does 165 divide 19771290?
True
Does 428 divide 222353536?
False
Does 2754 divide 12999260?
False
Is 85184250 a multiple of 85?
False
Does 27 divide 1705447332?
True
Is 1683 a factor of 54268335?
True
Is 29232780 a multiple of 14?
False
Is 2555621210 a multiple of 331?
True
Is 150352656 a multiple of 552?
True
Is 52 a factor of 420574024?
True
Does 137 divide 57364914?
True
Is 104 a factor of 778342096?
False
Does 3 divide 141159735?
True
Is 37927901 a multiple of 17?
True
Does 74 divide 288532616?
False
Is 726 a factor of 77383614?
True
Is 28 a factor of 341622736?
True
Does 412 divide 9132533?
False
Is 35352720 a multiple of 18?
True
Is 10882411 a multiple of 22?
False
Does 10 divide 1404267530?
True
Does 30 divide 138086700?
True
Is 747 a factor of 5744430?
True
Is 887 a factor of 29311802?
True
Is 50 a factor of 12937750?
True
Is 10 a factor of 38461874?
False
Is 4531 a factor of 376682855?
False
Is 215 a factor of 4711725?
True
Is 27202975 a multiple of 23?
False
Is 75833368 a multiple of 11?
False
Is 28 a factor of 1224868792?
True
Does 394 divide 44757637?
False
Does 1630 divide 22756430?
True
Does 32 divide 224228352?
True
Does 49 divide 852602548?
True
Does 9 divide 37906289?
False
Is 2934 a factor of 86825862?
True
Does 1303 divide 467036333?
False
Does 96 divide 30532868?
False
Is 687 a factor of 265106430?
True
Is 11 a factor of 385247421?
False
Is 48 a factor of 440074226?
False
Is 98 a factor of 1110321941?
False
Is 12705770 a multiple of 154?
True
Is 4278094080 a multiple of 2580?
True
Is 3 a factor of 5513613?
True
Is 6771 a factor of 4909016559?
False
Is 18915465 a multiple of 56?
False
Does 20 divide 276430220?
True
Does 61 divide 2190790783?
True
Is 468600300 a multiple of 700?
True
Is 16 a factor of 21044400?
True
Is 11 a factor of 736685?
False
Does 64 divide 99832710?
False
Does 79 divide 21701858?
False
Does 32 divide 83177888?
True
Is 20 a factor of 75267461?
False
Does 1724 divide 37817664?
True
Is 170 a factor of 28858520?
True
Is 20 a factor of 35066327?
False
Does 7116 divide 990978000?
False
Is 136258830 a multiple of 1233?
True
Does 73 divide 53221672?
True
Is 21 a factor of 84805573?
False
Is 10 a factor of 651094970?
True
Does 10 divide 10846165?
False
Is 3578 a factor of 4485205478?
True
Does 47 divide 21746958?
False
Is 1364302379 a multiple of 617?
True
Is 181 a factor of 6037255?
True
Is 98108296 a multiple of 1796?
True
Does 26 divide 75228842?
True
Is 84 a factor of 609816900?
True
Is 12 a factor of 99309452?
False
Does 160 divide 22562880?
True
Is 3367878249 a multiple of 4865?
False
Is 59 a factor of 17295715?
False
Is 363 a factor of 47397636?
True
Is 272 a factor of 136405261?
False
Is 335141457 a multiple of 42?
False
Is 194804912 a multiple of 134?
True
Does 797 divide 23726021?
False
Is 7522737 even?
False
Does 557 divide 44877981?
False
Is 57940368 a multiple of 3?
True
Is 101892582 a multiple of 2497?
True
Is 1625128724 a multiple of 24?
False
Does 26 divide 7940816?
True
Is 53293817 a multiple of 146?
False
Is 122996880 a multiple of 555?
True
Is 22 a factor of 31840578?
True
Is 565253335 a multiple of 232?
False
Is 203590147 a multiple of 17?
True
Does 1410 divide 15570630?
True
Is 29897418 a multiple of 583?
False
Does 25 divide 15566225?
True
Does 2566 divide 23886894?
True
Does 43 divide 1242227?
True
Does 13 divide 9922529?
False
Is 309 a factor of 52997517?
True
Is 1653 a factor of 639123537?
False
Is 68 a factor of 431460?
True
Is 36012257 a multiple of 2393?
True
Does 85 divide 41775715?
True
Is 1365365 a multiple of 6?
False
Does 277 divide 5126993?
True
Does 41 divide 10148443?
True
Does 63 divide 19219192?
False
Does 52 divide 414074752?
True
Is 9 a factor of 362829454?
False
Is 38927428 a multiple of 353?
True
Is 1215707910 a multiple of 48?
False
Is 119298784 a multiple of 1034?
True
Is 7 a factor of 86308673?
False
Does 14 divide 166090872?
False
Does 104 divide 324266492?
False
Does 483 divide 69966816?
False
Is 102657906 a multiple of 7881?
True
Is 8 a factor of 68463181?
False
Is 470187244 a multiple of 4256?
False
Does 1002 divide 1527048?
True
Is 378345815 a multiple of 197?
False
Is 371 a factor of 426726055?
True
Is 140 a factor of 44872240?
True
Does 6 divide 12235590?
True
Is 6 a factor of 101571372?
True
Is 9862250 a multiple of 125?
True
Does 79 divide 135991770?
False
Is 1666 a factor of 149906680?
True
Is 4 a factor of 73207?
False
Does 7 divide 26773723?
False
Is 14976152 a multip